{"id":4,"date":"2021-04-07T07:46:27","date_gmt":"2021-04-07T07:46:27","guid":{"rendered":"https:\/\/tierheilpraxiskleespies.live-website.com\/willkommen-auf-https-tierheilpraxiskleespies-live-website-com"},"modified":"2023-07-12T18:24:04","modified_gmt":"2023-07-12T18:24:04","slug":"willkommen-auf-https-tierheilpraxiskleespies-live-website-com","status":"publish","type":"page","link":"https:\/\/tierheilpraxiskleespies.de\/","title":{"rendered":"Willkommen"},"content":{"rendered":"\n<p><span style=\"color:#00d084\" class=\"tadv-color\">Sehr geehrte Tierhalter!<\/span><\/p>\n\n\n\n<figure class=\"wp-block-image size-large is-resized is-style-rounded\"><img loading=\"lazy\" decoding=\"async\" src=\"https:\/\/tierheilpraxiskleespies.de\/wp-content\/uploads\/2021\/04\/IMG_20210425_172317-768x1024.jpg\" alt=\"\" class=\"wp-image-537\" width=\"465\" height=\"618\"\/><\/figure>\n\n\n\n<p>Warum zum Tierheilpraktiker?<\/p>\n\n\n\n<p>In der Tierheilpraxis wird Ihr Tier nat\u00fcrlich, schonend, nachhaltig und individuell behandelt.<\/p>\n\n\n\n<p>Besonders gilt das f\u00fcr sensible Tiere \/k\u00f6rperlich und seelisch \/ Senioren \/ chronisch kranke Tiere, Tiere mit Allergien und Unvertr\u00e4glichkeiten usw&#8230;<\/p>\n\n\n\n<p>Eine Zusammenarbeit mit Tier\u00e4rzten ist mir sehr wichtig, da die Naturheilkunde oft auch erg\u00e4nzend zur Schulmedizin eine noch effektivere Heilung hervorbringen kann. <\/p>\n\n\n\n<p><strong>F\u00fcr mich ist das Allerwichtigste, die Ursachenforschung !<\/strong> <\/p>\n\n\n\n<p>Viele Krankheiten werden ausschlie\u00dflich symptomatisch behandelt, das hei\u00dft, nur die sichtbare\/ an der Oberfl\u00e4che krankhaften Ver\u00e4nderungen werden versucht abzuschalten. Es ist wichtiger nach den Ursachen f\u00fcr das Problem zu suchen und diese, als Herd des Geschehens zu behandeln.<\/p>\n\n\n\n<p>Haben Sie Fragen zu Ihrem Tier, d\u00fcrfen Sie mich sehr gerne unter <strong>09382 \/ 314948<\/strong> oder <strong>017 33 88 55 49<\/strong> anrufen. <\/p>\n\n\n\n<p><strong>Bei mir ist Jeder herzlich Willkommen<\/strong> . Ich bin f\u00fcr Sie da! Telefonische Beratungen bis zu 15 Minuten sind f\u00fcr Sie kostenfrei! <\/p>\n\n\n\n<p class=\"has-black-color has-text-color\">Ich freue mich auf Sie und Ihren Liebling. <\/p>\n\n\n\n<p class=\"has-black-color has-text-color\"><strong> <\/strong><span style=\"color:#000000\" class=\"tadv-color\">Ihre Tierheilpraktikerin<\/span><span style=\"color:#00d084\" class=\"tadv-color\"><br>Andrea Kleespies<\/span><\/p>\n\n\n\n<p class=\"has-light-green-cyan-background-color has-background\">Termine nach Vereinbarung im <strong>Gro\u00dfraum Kitzingen- Schweinfurt -Ha\u00dffurt<\/strong>. Neben Stallbesuchen komme ich auch zur Behandlung Ihres Hundes\/ Katze gerne zu Ihnen nach Hause. Dies gibt mir die M\u00f6glichkeit, Ihr Tier in gewohnter Umgebung zu erleben und in stressfreier Situation zu behandeln.<\/p>\n","protected":false},"excerpt":{"rendered":"<p>Sehr geehrte Tierhalter! Warum zum Tierheilpraktiker? In der Tierheilpraxis wird Ihr Tier nat\u00fcrlich, schonend, nachhaltig und individuell behandelt. Besonders gilt das f\u00fcr sensible Tiere \/k\u00f6rperlich und seelisch \/ Senioren \/ chronisch kranke Tiere, Tiere mit Allergien und Unvertr\u00e4glichkeiten usw&#8230; Eine Zusammenarbeit mit Tier\u00e4rzten ist mir sehr wichtig, da die Naturheilkunde oft auch erg\u00e4nzend zur Schulmedizin eine noch effektivere Heilung hervorbringen kann. F\u00fcr mich ist das Allerwichtigste, die Ursachenforschung ! Viele Krankheiten werden ausschlie\u00dflich symptomatisch behandelt, das hei\u00dft, nur die sichtbare\/ an der Oberfl\u00e4che krankhaften Ver\u00e4nderungen werden versucht abzuschalten. Es ist wichtiger nach den Ursachen f\u00fcr das Problem zu suchen und diese, als Herd des Geschehens zu behandeln. Haben Sie Fragen&hellip; <a class=\"read-more\" href=\"https:\/\/tierheilpraxiskleespies.de\/\">Mehr Lesen<\/a><\/p>\n","protected":false},"author":1,"featured_media":0,"parent":0,"menu_order":0,"comment_status":"closed","ping_status":"closed","template":"","meta":{"_kadence_starter_templates_imported_post":false,"footnotes":""},"class_list":["post-4","page","type-page","status-publish","hentry"],"_links":{"self":[{"href":"https:\/\/tierheilpraxiskleespies.de\/index.php?rest_route=\/wp\/v2\/pages\/4","targetHints":{"allow":["GET"]}}],"collection":[{"href":"https:\/\/tierheilpraxiskleespies.de\/index.php?rest_route=\/wp\/v2\/pages"}],"about":[{"href":"https:\/\/tierheilpraxiskleespies.de\/index.php?rest_route=\/wp\/v2\/types\/page"}],"author":[{"embeddable":true,"href":"https:\/\/tierheilpraxiskleespies.de\/index.php?rest_route=\/wp\/v2\/users\/1"}],"replies":[{"embeddable":true,"href":"https:\/\/tierheilpraxiskleespies.de\/index.php?rest_route=%2Fwp%2Fv2%2Fcomments&post=4"}],"version-history":[{"count":29,"href":"https:\/\/tierheilpraxiskleespies.de\/index.php?rest_route=\/wp\/v2\/pages\/4\/revisions"}],"predecessor-version":[{"id":831,"href":"https:\/\/tierheilpraxiskleespies.de\/index.php?rest_route=\/wp\/v2\/pages\/4\/revisions\/831"}],"wp:attachment":[{"href":"https:\/\/tierheilpraxiskleespies.de\/index.php?rest_route=%2Fwp%2Fv2%2Fmedia&parent=4"}],"curies":[{"name":"wp","href":"https:\/\/api.w.org\/{rel}","templated":true}]}}